.
38
What is the highest common divisor of 143 and 26?
13
What is the highest common divisor of 26 and 416?
26
Calculate the greatest common factor of 15 and 27.
3
Calculate the greatest common factor of 31 and 124.
31
Calculate the greatest common divisor of 12 and 1086.
6
Calculate the highest common divisor of 85338 and 198.
198
Calculate the highest common divisor of 440 and 198.
22
Calculate the highest common factor of 123 and 1025.
41
Calculate the highest common divisor of 576 and 6.
6
What is the highest common factor of 42 and 2184?
42
Calculate the greatest common factor of 116 and 638.
58
What is the highest common factor of 1183 and 28?
7
Calculate the greatest common divisor of 20 and 844.
4
What is the greatest common factor of 47 and 893?
47
Calculate the highest common factor of 30 and 210.
30
What is the greatest common divisor of 18 and 45?
9
Calculate the highest common factor of 13 and 481.
13
What is the greatest common divisor of 209 and 110770?
209
Calculate the highest common factor of 296 and 22200.
296
What is the greatest common divisor of 782 and 918?
34
Calculate the highest common factor of 16 and 4104.
8
Calculate the highest common factor of 2090 and 10.
10
Calculate the greatest common factor of 693 and 539.
77
What is the highest common factor of 45 and 645?
15
Calculate the highest common divisor of 1072 and 603.
67
Calculate the greatest common divisor of 13650 and 65.
65
Calculate the greatest common divisor of 12 and 2073.
3
What is the greatest common divisor of 68 and 30124?
68
Calculate the greatest common factor of 79 and 3.
1
Calculate the greatest common factor of 1554 and 21.
21
Calculate the highest common divisor of 44 and 484.
44
What is the greatest common divisor of 90 and 20?
10
What is the greatest common factor of 704 and 22?
22
What is the highest common divisor of 134 and 3082?
134
Calculate the greatest common divisor of 22 and 1298.
22
What is the greatest common factor of 91 and 559?
13
What is the greatest common divisor of 341 and 186?
31
Calculate the greatest common divisor of 4061 and 262.
131
What is the greatest common factor of 142 and 2?
2
What is the highest common divisor of 8 and 1268?
4
Calculate the highest common factor of 81 and 3699.
27
Calculate the highest common divisor of 188 and 5734.
94
Calculate the greatest common divisor of 35 and 455.
35
What is the greatest common factor of 79 and 3?
1
Calculate the highest common factor of 27 and 567.
27
Calculate the greatest common divisor of 50 and 7550.
50
Calculate the highest common divisor of 238 and 527.
17
What is the highest common divisor of 3 and 1290?
3
Calculate the highest common factor of 26310 and 120.
30
Calculate the greatest common divisor of 54 and 30.
6
What is the greatest common factor of 90 and 6615?
45
Calculate the highest common divisor of 7 and 61033.
7
What is the highest common factor of 13 and 1157?
13
What is the greatest common factor of 154 and 238?
14
Calculate the highest common divisor of 30 and 4695.
15
Calculate the greatest common factor of 2 and 149.
1
Calculate the highest common factor of 40656 and 336.
336
Calculate the highest common factor of 33 and 781.
11
What is the greatest common factor of 702 and 108?
54
Calculate the highest common factor of 352 and 44.
44
What is the greatest common factor of 681 and 3?
3
What is the greatest common factor of 3672 and 120?
24
What is the highest common divisor of 5 and 565?
5
What is the greatest common factor of 425 and 1100?
25
Calculate the highest common divisor of 9 and 63.
9
What is the highest common divisor of 66 and 4?
2
What is the greatest common factor of 21 and 144?
3
What is the highest common divisor of 4 and 724?
4
Calculate the greatest common factor of 470 and 4465.
235
Calculate the highest common divisor of 864 and 12.
12
What is the highest common divisor of 120 and 8985?
15
What is the highest common factor of 949 and 13?
13
Calculate the greatest common factor of 9 and 576.
9
Calculate the greatest common factor of 48 and 114.
6
What is the greatest common factor of 308 and 88?
44
Calculate the greatest common divisor of 86 and 24338.
86
What is the greatest common divisor of 55 and 88?
11
Calculate the highest common divisor of 474 and 12.
6
Calculate the greatest common divisor of 392 and 168.
56
Calculate the highest common factor of 224 and 416.
32
What is the highest common divisor of 1856 and 29?
29
Calculate the greatest common factor of 11 and 3663.
11
Calculate the greatest common factor of 40421 and 83.
83
Calculate the highest common factor of 4280 and 16.
8
What is the greatest common divisor of 3616 and 113?
113
Calculate the greatest common factor of 51 and 272.
17
What is the highest common factor of 90 and 198?
18
Calculate the highest common factor of 890 and 1602.
178
What is the highest common divisor of 2209 and 47?
47
Calculate the highest common divisor of 1351 and 7.
7
What is the greatest common factor of 3 and 3?
3
What is the greatest common factor of 435 and 1131?
87
Calculate the highest common divisor of 38 and 3249.
19
Calculate the highest common divisor of 23 and 8.
1
Calculate the highest common divisor of 13 and 1963.
13
Calculate the greatest common factor of 848 and 3286.
106
Calculate the greatest common factor of 3975 and 75.
75
What is the highest common factor of 9 and 1233?
9
What is the highest common factor of 52 and 2418?
26
What is the greatest common divisor of 408 and 6?
6
What is the highest common divisor of 18 and 1062?
18
Calculate the highest common divisor of 54 and 1350.
54
What is the greatest common factor of 228 and 36?
12
Calculate the highest common divisor of 826 and 14.
14
Calculate the highest common factor of 310 and 10.
10
What is the highest common factor of 12402 and 468?
234
What is the highest common factor of 219 and 292?
73
What is the highest common divisor of 35 and 10?
5
What is the highest common divisor of 168 and 72?
24
What is the highest common factor of 36 and 9?
9
What is the highest common factor of 172 and 1978?
86
What is the highest common factor of 7225 and 75?
25
What is the greatest common factor of 595 and 140?
35
Calculate the greatest common factor of 465 and 310.
155
Calculate the highest common factor of 649 and 176.
11
What is the highest common factor of 182 and 8086?
26
Calculate the greatest common divisor of 2 and 167.
1
What is the highest common divisor of 10 and 5010?
10
What is the highest common factor of 5473 and 91?
13
What is the greatest common factor of 828 and 2438?
46
Calculate the greatest common divisor of 332 and 4.
4
What is the greatest common factor of 43 and 11567?
43
Calculate the highest common factor of 23 and 115.
23
What is the greatest common divisor of 154 and 121?
11
Calculate the highest common divisor of 14 and 945.
7
What is the greatest common divisor of 1282 and 2?
2
Calculate the highest common factor of 8 and 9576.
8
Calculate the greatest common factor of 90 and 930.
30
What is the highest common divisor of 2 and 478?
2
Calculate the highest common divisor of 1944 and 8.
8
What is the greatest common divisor of 657 and 522?
9
Calculate the highest common divisor of 1548 and 36.
36
What is the highest common divisor of 418 and 5643?
209
What is the highest common factor of 100 and 44?
4
What is the highest common divisor of 6931 and 319?
29
Calculate the greatest common divisor of 504 and 2142.
126
Calculate the greatest common factor of 17 and 5729.
17
Calculate the greatest common divisor of 16 and 1044.
4
Calculate the greatest common factor of 900 and 576.
36
Calculate the highest common divisor of 392 and 304.
8
Calculate the greatest common factor of 512 and 10880.
128
What is the highest common divisor of 549 and 61?
61
What is the greatest common factor of 393 and 6?
3
What is the highest common factor of 6777 and 27?
27
Calculate the highest common divisor of 1700 and 2108.
68
Calculate the highest common factor of 1120 and 35.
35
What is the highest common factor of 111 and 18759?
111
Calculate the greatest common divisor of 90 and 21120.
30
Calculate the greatest common divisor of 5138 and 14.
14
Calculate the highest common factor of 996 and 2822.
166
Calculate the hig